945463 is divided by 64.
55
Calculate the remainder when 338670 is divided by 56444.
6
Calculate the remainder when 678659 is divided by 841.
813
Calculate the remainder when 267748 is divided by 116.
20
Calculate the remainder when 11120306 is divided by 7292.
6
Calculate the remainder when 18959416 is divided by 323.
285
What is the remainder when 314462 is divided by 5827?
5631
What is the remainder when 525537 is divided by 2709?
2700
What is the remainder when 1522123 is divided by 761060?
3
Calculate the remainder when 2975799 is divided by 68.
51
What is the remainder when 73812896 is divided by 14762578?
6
Calculate the remainder when 2122434 is divided by 2663.
23
What is the remainder when 25946664 is divided by 2646?
2634
Calculate the remainder when 1096949 is divided by 205.
199
What is the remainder when 154127 is divided by 153893?
234
What is the remainder when 86108722 is divided by 12?
10
Calculate the remainder when 145694 is divided by 3037.
2955
What is the remainder when 672174 is divided by 3278?
184
What is the remainder when 4459680 is divided by 61?
31
What is the remainder when 9452964 is divided by 309?
36
What is the remainder when 79728528 is divided by 37?
3
What is the remainder when 4658 is divided by 3229?
1429
What is the remainder when 231925 is divided by 1349?
1246
Calculate the remainder when 18787224 is divided by 30648.
0
Calculate the remainder when 24731 is divided by 3459.
518
What is the remainder when 36984 is divided by 4290?
2664
Calculate the remainder when 57618382 is divided by 655.
652
What is the remainder when 10955934 is divided by 45?
9
What is the remainder when 99870 is divided by 99709?
161
What is the remainder when 222833930 is divided by 256?
10
What is the remainder when 5988723 is divided by 1460?
1263
What is the remainder when 61309917 is divided by 8936?
21
Calculate the remainder when 10105677 is divided by 233.
1
What is the remainder when 97682207 is divided by 453?
5
Calculate the remainder when 669767 is divided by 114.
17
What is the remainder when 88579905 is divided by 44?
29
What is the remainder when 761375 is divided by 1234?
1231
Calculate the remainder when 2353569 is divided by 9.
6
What is the remainder when 84172 is divided by 925?
922
Calculate the remainder when 35745 is divided by 33967.
1778
What is the remainder when 9092013 is divided by 144?
141
Calculate the remainder when 938822 is divided by 132363.
12281
Calculate the remainder when 7427 is divided by 7196.
231
What is the remainder when 124543 is divided by 12453?
13
Calculate the remainder when 1455566 is divided by 975.
866
What is the remainder when 145138 is divided by 48342?
112
What is the remainder when 47007 is divided by 7401?
2601
What is the remainder when 99100197 is divided by 190?
187
Calculate the remainder when 617048 is divided by 832.
536
What is the remainder when 63744077 is divided by 339?
212
What is the remainder when 527333 is divided by 282?
275
Calculate the remainder when 83249 is divided by 5588.
5017
Calculate the remainder when 64945 is divided by 146.
121
Calculate the remainder when 1155987 is divided by 31.
28
What is the remainder when 9908313 is divided by 109?
104
Calculate the remainder when 359835 is divided by 13313.
384
Calculate the remainder when 1463565 is divided by 3493.
3491
What is the remainder when 419058 is divided by 2635?
93
What is the remainder when 897932 is divided by 844?
760
Calculate the remainder when 2926697 is divided by 565.
562
What is the remainder when 45292 is divided by 2779?
828
What is the remainder when 6326894 is divided by 575169?
35
Calculate the remainder when 8595983 is divided by 8.
7
Calculate the remainder when 139046 is divided by 44023.
6977
Calculate the remainder when 531384 is divided by 176573.
1665
What is the remainder when 28406839 is divided by 20?
19
What is the remainder when 18608420 is divided by 86?
84
Calculate the remainder when 7549420 is divided by 2581.
2576
What is the remainder when 14335724 is divided by 887?
30
Calculate the remainder when 89726 is divided by 89511.
215
Calculate the remainder when 21644846 is divided by 497.
496
Calculate the remainder when 20843111 is divided by 45.
11
Calculate the remainder when 739115 is divided by 4452.
83
What is the remainder when 1135785 is divided by 431?
100
What is the remainder when 63712 is divided by 7930?
272
What is the remainder when 1687960 is divided by 34448?
8
Calculate the remainder when 61214234 is divided by 4708787.
3
Calculate the remainder when 177661 is divided by 173.
163
Calculate the remainder when 96481733 is divided by 48240861.
11
Calculate the remainder when 158010991 is divided by 16.
15
Calculate the remainder when 1512988 is divided by 168109.
7
What is the remainder when 66104988 is divided by 381?
345
What is the remainder when 11776121 is divided by 4737?
4676
What is the remainder when 186766 is divided by 4671?
4597
Calculate the remainder when 4539785 is divided by 237.
50
What is the remainder when 2673660 is divided by 102833?
2
Calculate the remainder when 963214 is divided by 5806.
5224
Calculate the remainder when 1209147 is divided by 1406.
1393
Calculate the remainder when 54286 is divided by 1639.
199
Calculate the remainder when 71313 is divided by 9415.
5408
What is the remainder when 27266187 is divided by 10?
7
Calculate the remainder when 2933337 is divided by 350.
337
Calculate the remainder when 32032 is divided by 337.
17
What is the remainder when 1108870 is divided by 4704?
3430
What is the remainder when 284881 is divided by 1233?
58
Calculate the remainder when 63284 is divided by 174.
122
Calculate the remainder when 2620512 is divided by 17470.
12
Calculate the remainder when 11703076 is divided by 1437.
148
Calculate the remainder when 1107178 is divided by 690.
418
What is the remainder when 334418 is divided by 46?
44
Calculate the remainder when 3200245 is divided by 10885.
55
What is the remainder when 7982967 is divided by 221749?
3
Calculate the remainder when 13897206 is divided by 421.
417
Calculate the remainder when 16464033 is divided by 111.
69
What is the remainder when 4664161 is divided by 237?
1
What is the remainder when 17261952 is divided by 5753980?
12
Calculate the remainder when 400700 is divided by 21.
20
What is the remainder when 105075 is divided by 7003?
30
What is the remainder when 2226624 is divided by 43?
41
What is the remainder when 9116670 is divided by 680?
590
What is the remainder when 98037 is divided by 16269?
423
Calculate the remainder when 397380 is divided by 397274.
106
What is the remainder when 10423368 is divided by 5211635?
98
What is the remainder when 393373 is divided by 676?
617
Calculate the remainder when 266181 is divided by 206.
29
Calculate the remainder when 23473702 is divided by 191.
184
What is the remainder when 200446 is divided by 3578?
78
Calculate the remainder when 167117 is divided by 4334.
2425
Calculate the remainder when 1491990 is divided by 280.
150
Calculate the remainder when 152211275 is divided by 262.
17
Calculate the remainder when 725971 is divided by 1082.
1031
What is the remainder when 266024 is divided by 2922?
122
What is the remainder when 49782 is divided by 9952?
22
What is the remainder when 8407505 is divided by 3905?
40
Calculate the remainder when 66133899 is divided by 175.
174
What is the remainder when 207334 is divided by 252?
190
What is the remainder when 1352763 is divided by 71?
0
Calculate the remainder when 13497936 is divided by 101.
94
What is the remainder when 88714 is divided by 28641?
2791
What is the remainder when 44016 is divided by 7275?
366
Calculate the remainder when 320482 is divided by 5046.
2584
Calculate the remainder when 67266016 is divided by 346732.
8
Calculate the remainder when 7735694 is divided by 2686.
14
What is the remainder when 3761159 is divided by 40?
39
Calculate the remainder when 163736893 is divided by 17.
16
What is the remainder when 5863739 is divided by 3326?
1
Calculate the remainder when 31381522 is divided by 1091.
1089
Calculate the remainder when 1298798 is divided by 3436.
3426
Calculate the remainder when 157388 is divided by 236.
212
Calculate the